8163883613 composite?
False
Is 205401842405 a composite number?
True
Is 2183181467 composite?
False
Is 713518297 a composite number?
False
Is 4280695841 prime?
False
Is 193093861307 prime?
True
Is 407965121 prime?
True
Is 224219321 a prime number?
True
Is 15636811601 a composite number?
False
Is 31821340183 prime?
False
Is 132014453 a prime number?
True
Is 40175556797 prime?
False
Is 3249605077 a composite number?
False
Is 34211917451 a prime number?
False
Is 23487011969 prime?
True
Is 35827865657 a prime number?
False
Is 38898619339 composite?
False
Is 1240093123 composite?
True
Is 370384103 prime?
True
Is 36679425917 composite?
True
Is 17431894127 a composite number?
False
Is 47935821569 a composite number?
False
Is 3063587039 a prime number?
True
Is 15683256989 composite?
True
Is 176919746 a prime number?
False
Is 3739607713 a prime number?
False
Is 7159938262 composite?
True
Is 4823333903 composite?
True
Is 1237205861 composite?
False
Is 1633385395 prime?
False
Is 6371525519 prime?
True
Is 3018398281 prime?
False
Is 976632719 prime?
True
Is 7014307 a composite number?
True
Is 2616389546 a composite number?
True
Is 1768947629 a prime number?
True
Is 571247449 a composite number?
False
Is 6243897043 composite?
False
Is 206049931 prime?
True
Is 7323063281 a prime number?
True
Is 3822444929 composite?
False
Is 76753069 prime?
True
Is 55382684801 composite?
True
Is 17941551409 prime?
False
Is 2895077933 a prime number?
False
Is 5851337077 a prime number?
True
Is 24276565969 a prime number?
True
Is 20885937857 a prime number?
False
Is 7109149517 a prime number?
False
Is 3651761881 a prime number?
False
Is 1014108167 composite?
False
Is 473622403 prime?
False
Is 13619232437 a composite number?
True
Is 11181379381 composite?
True
Is 9997109 prime?
True
Is 130953976861 a prime number?
True
Is 4427836121 prime?
True
Is 408859170767 a prime number?
True
Is 15254794213 composite?
True
Is 18395742749 a composite number?
False
Is 2736597757 prime?
False
Is 62571398 prime?
False
Is 109121279 a composite number?
False
Is 10099667453 a composite number?
False
Is 19769209 composite?
False
Is 57545489 composite?
False
Is 3460292851 a composite number?
True
Is 1723403009 a composite number?
False
Is 16970283587 prime?
True
Is 5115183697 prime?
False
Is 400086083 composite?
True
Is 5211719897 composite?
False
Is 21870094283 a prime number?
False
Is 41601699683 a composite number?
True
Is 26484057757 composite?
False
Is 254383918001 composite?
False
Is 166953167 a composite number?
False
Is 7082775307 composite?
False
Is 19520568757 prime?
False
Is 13557739067 prime?
True
Is 315601291 a prime number?
False
Is 1542712789 composite?
True
Is 204497837 a composite number?
True
Is 1981363121 prime?
True
Is 153203886353 a prime number?
False
Is 11462003053 prime?
True
Is 1535660678 composite?
True
Is 27252089107 a prime number?
True
Is 65458947329 composite?
False
Is 5334568717 a prime number?
False
Is 5393744783 composite?
True
Is 2385783991 a prime number?
False
Is 48705041023 a composite number?
True
Is 1967967269 a prime number?
False
Is 32153265233 a prime number?
True
Is 52217750491 a composite number?
False
Is 103211461 composite?
False
Is 34502706209 a composite number?
False
Is 3052371311 a prime number?
False
Is 1077507971 prime?
True
Is 11472918013 a prime number?
False
Is 375374837 a composite number?
True
Is 632052247 a prime number?
True
Is 12195394919 composite?
False
Is 16787586247 composite?
True
Is 371025497 a composite number?
False
Is 1576515569 prime?
True
Is 4459671077 a composite number?
False
Is 58205999 a prime number?
False
Is 968832817 composite?
False
Is 712490579 a prime number?
False
Is 2678055193 a prime number?
False
Is 33298603231 prime?
True
Is 1600677241 a prime number?
False
Is 503097151 a composite number?
True
Is 10096381213 prime?
True
Is 206152781 composite?
True
Is 37578929623 prime?
True
Is 12841457 composite?
True
Is 19487321227 a composite number?
True
Is 3363715157 prime?
False
Is 2002931807 composite?
False
Is 18686428511 prime?
True
Is 4481865679 a composite number?
False
Is 50821718351 prime?
True
Is 15955459747 prime?
True
Is 966512549 a composite number?
True
Is 449538773 composite?
True
Is 1125777839 composite?
False
Is 38959027909 a composite number?
True
Is 3668320679 prime?
True
Is 43540434233 composite?
False
Is 2112887521 a composite number?
True
Is 21853878619 composite?
False
Is 8560952131 composite?
False
Is 368132041 composite?
False
Is 164981117 a composite number?
True
Is 7541371 composite?
False
Is 586857349 composite?
True
Is 41844695861 a prime number?
False
Is 194634563 a prime number?
True
Is 33217028759 composite?
False
Is 1859398777 prime?
False
Is 2167512337 composite?
True
Is 367364309 a composite number?
True
Is 47784423629 composite?
True
Is 279853218917 a composite number?
False
Is 3547506527 a composite number?
True
Is 3900947053 a prime number?
False
Is 223811573 composite?
True
Is 313101059 prime?
True
Is 1255555571 a prime number?
True
Is 979098287 prime?
True
Is 11093480449 a prime number?
True
Is 1401310285 a prime number?
False
Is 2824155709 composite?
False
Is 7790472923 a prime number?
True
Is 9128123131 a composite number?
False
Is 48134831 a composite number?
False
Is 20185725409 a composite number?
False
Is 1994712919 a composite number?
True
Is 16993402807 prime?
True
Is 646338587 prime?
True
Is 294041620911 composite?
True
Is 2001566813 composite?
True
Is 2189398417 a composite number?
True
Is 2844851879 a composite number?
False
Is 836484841 prime?
True
Is 56672843137 prime?
False
Is 1180448263 prime?
False
Is 54383197 a composite number?
True
Is 2969246441 prime?
False
Is 12841514171 a composite number?
False
Is 8855572265 a composite number?
True
Is 10639659755 prime?
False
Is 19485887659 composite?
True
Is 7617617171 prime?
False
Is 2301339991 a composite number?
True
Is 29512114 a composite number?
True
Is 10824051883 prime?
False
Is 3415573981 a composite number?
True
Is 10796779061 a prime number?
True
Is 182684371 prime?
True
Is 12293833561 composite?
False
Is 11186480153 a composite number?
True
Is 304903979 prime?
True
Is 3614138809 composite?
False
Is 56339635873 a prime number?
True
Is 9420363473 a prime number?
True
Is 238210283 a composite number?
False
Is 320951707 a composite number?
True
Is 34737037513 a prime number?
True
Is 686045113 composite?
True
Is 1916238799 a composite number?
True
Is 15024285901 composite?
False
Is 27609920267 composite?
True
Is 354058951 a prime number?
False
Is 634891051 a composite number?
False
Is 1549227083 a composite number?
True
Is 498210089 prime?
False
Is 564780373 a prime number?
False
Is 128676596891 a composite number?
False
Is 225589843 a prime number?
True
Is 20806531441 composite?
True
Is 2906923781 a prime number?
True
Is 106050871 prime?
False
Is 636702553 a composite number?
True
Is 248973631 composite?
True
Is 1102072453 a composite number?
True
Is 56783587339 a prime number?
True
Is 5262425495 a prime number?
False
Is 47690119 a prime number?
True
Is 10243310309 a prime number?
True
Is 645658639 a prime number?
False
Is 659717467 a prime number?
False
Is 664576039 composite?
True
Is 43059750881 prime?
False
Is 2844455797 a composite number?
False
Is 24561836251 a prime number?
True
Is 1709288939 a composite number?
False
Is 16689011359 composite?
False
Is 27477224917 composite?
True
Is 5800936187 a prime number?
False
Is 92554572013 prime?
False
Is 217387939 composite?
False
Is 32858578315 a prime number?
False
Is 106545277 prime?
True
Is 344726897 composite?
True
Is 1632445253 composite?
True
Is 16269813353 a prime number?
False
Is 149720648773 composite?
True
Is 1383723911 a prime number?
True
Is 2184736367 prime?
False
Is 31713703979 a prime number?
False
Is 4593816383 a prime number?
False
Is 3672613201 prime?
True
Is 7449218597 composite?
False
Is 232777174867 prime?
True
Is 1021632841 prime?
False
Is 1064407397 a composite number?
False
Is 475198679 a prime number?
False
Is 32752166849 a prime number?
True
Is 11881273445 prime?
False
Is 77359186049 a composite number?
True
Is 2308192693 prime?
False
Is 339188251 prime?
True
Is 32380373749 prime?
True
Is 1457888111 a composite number?
True
Is 61930065997 a p